git of r(16)?
4
Let k(f) = -f**3 - 2*f**2 - 2*f - 2. Let u be k(-2). Suppose u = 3*l + 8. What is the tens digit of (-1144)/(-48) + l/(-12)?
2
Suppose 4*n + 5*t - 23 = 0, -2*n + 0*n + 9 = 5*t. Suppose n*i + 0*i = 490. What is the units digit of i?
0
Suppose -258*z = -259*z + 841. What is the tens digit of z?
4
Let u = -127 - -415. Let n = u + -205. What is the units digit of n?
3
Let m = 33 - -27. Suppose -x + m + 6 = 0. Suppose 5*a + 2*o - 88 = a, -2*o = 3*a - x. What is the tens digit of a?
2
Suppose -19 + 43 = 6*j. Let f(s) = 8*s**2 + 2*s - 6. Let k be f(5). Suppose -4*t + k = -0*t + 4*g, 2*g - 200 = -j*t. What is the tens digit of t?
4
Suppose 0 = 5*m - q - 1982, -1198 = -m - 2*m + 5*q. What is the hundreds digit of 2/4*(m + 18)?
2
Let x(g) = g**2 + 7*g + 13. Let j be x(-5). Suppose i + s = 4*s + 61, j*i + 3*s = 183. What is the tens digit of i?
6
Suppose -l + 0*l + t = 1, 0 = -3*l + t - 1. What is the tens digit of (-5 - l) + (-329)/(-7)?
4
Let x = 3412 + -1824. What is the thousands digit of x?
1
Suppose -2*g + 13 = -l + 5, l = -4*g + 4. Suppose 0*c - g*c - 3*z = -123, 0 = -c - 2*z + 63. What is the units digit of c?
7
Let a = 21 - 15. Suppose -198 = -a*h + 564. What is the hundreds digit of h?
1
Let a be 9/21 + 65788/28. Suppose -a = -7*x - 3*x. What is the units digit of x?
5
Suppose -2*n + 36 = 5*x, -5*x - 5*n + 39 = -x. Let o be (-14)/2 + 18/x. What is the tens digit of (-202)/o - 6/4?
4
Let u = -4 - -5. What is the tens digit of (-4)/(3 - u) + 21?
1
Suppose -d = -2*d - 3*x - 13, -4*d - x = -3. Suppose d*a - 6*a + 8 = 0. What is the units digit of (a + 0)*185/10?
7
Let t(x) = x**3 - 2*x + 1. Let r be t(1). Let d be (-31)/2*2/(-1). Suppose r = -29*m + d*m - 96. What is the units digit of m?
8
Let m = -18 + 20. Let u(v) = 13*v**2 - v + 2. Let j be u(-3). Suppose 3*f = -3*b + m*f + j, 3*b = 3*f + 138. What is the tens digit of b?
4
Let q(n) = -n**3 - 5*n**2 + 3. Let s be q(-5). Suppose -131 = 4*g - 411. Suppose -4*h + d = -105, -2*d = s*h - d - g. What is the tens digit of h?
2
What is the hundreds digit of 1*461 + (-123)/41?
4
Let c(k) = 264*k**3 + k**2 - k + 1. What is the tens digit of c(1)?
6
Suppose 4*j + 5*i = 2117 + 576, 4*j - 4*i - 2684 = 0. What is the hundreds digit of j?
6
Suppose -l = l. Suppose 0 = -3*o + 4*z + 10, -o + l*z + 35 = 5*z. What is the tens digit of o?
1
Let g = 22 - 13. Suppose 4*s - s = g. Suppose -144 = -s*w - p, 5*w = -p - 4*p + 240. What is the tens digit of w?
4
Suppose 5*j + p - 889 = 0, 4*j + 5*p - 477 = 251. Suppose 0 = 5*t - 3*a - 285, -3*t = -a - 2*a - j. What is the tens digit of t?
5
Let i(c) = -c**3 - 6*c**2 - 36*c + 8. What is the hundreds digit of i(-6)?
2
Suppose j - 41 = -u, -79 = 5*u + 2*j - 290. Suppose -u + 118 = k. What is the tens digit of k?
7
Let h(o) = o**3 + 31*o**2 + 33*o + 17. What is the units digit of h(-29)?
2
Suppose -3910 = -5*d - 0*d. What is the hundreds digit of d?
7
Let z = 3 - -3. Let t be 6/(-24) - z/8. Let o(j) = 19*j**2 + j. What is the tens digit of o(t)?
1
Suppose 41*d - 5400 = 31*d. What is the tens digit of d?
4
Suppose 0*y = 14*y - 448. What is the units digit of y?
2
Let r = 85 - -52. Let l = -40 + r. What is the units digit of l?
7
Let t(m) = 141*m**2 + 11*m + 1. Let l be t(10). What is the units digit of l/54 + 1/(-6)?
3
Let j = 30 + -36. What is the tens digit of 153 + 8/(j/(-3))?
5
Let a be (-31)/((-12)/(-4) + -2). Let q = 46 - a. What is the units digit of q?
7
Let b be 2*(-5 - -7) - -1. Suppose 2*n + 3*r = 405, -5*r + 5 + 1005 = b*n. What is the hundreds digit of n?
2
Let o be 3 + -1 - (-110 - -1). Let i(z) = 98*z + 0*z**2 - z**2 - o*z + 25. What is the units digit of i(-13)?
5
Let g be (3 + 364/16)/(2/8). Let u = g - 77. What is the units digit of u?
6
Let d = 10 - -8. Suppose -14*v + d*v + 48 = 0. Let p = v - -33. What is the tens digit of p?
2
Suppose 4*v = -3*d + 832, -d = -v + 3*v - 276. What is the hundreds digit of d?
2
Let g(i) = i**3 - 6*i**2 + 6*i - 2. Let d be g(5). Let u = d - -2. Suppose 5*y = 3*v + 83, u*y - 45 = -5*v + 70. What is the tens digit of y?
1
Suppose 7*d - 6528 - 11406 = 0. What is the thousands digit of d?
2
Let z(a) = -a**2 - 7*a. Let r be z(-7). Suppose 3*q - 5 - 4 = r. Suppose -q*k + 225 = 4*w, -w + 57 = -0*w + k. What is the tens digit of w?
5
Let n(g) = 20*g + 16. Let a(z) = 5*z + 4. Let c(u) = 9*a(u) - 2*n(u). What is the tens digit of c(13)?
6
Let w = -21 - -26. Suppose w*v = 43 - 3. Suppose -6*y = -v + 2. What is the units digit of y?
1
Suppose -2*i = 3*n - 80 - 749, -n = 3*i - 281. What is the hundreds digit of n?
2
Let o = -17 + 16. Let y be 8 - (0 - -2)/o. Let x = y - 6. What is the units digit of x?
4
Let b(g) = -82*g - 66. What is the tens digit of b(-4)?
6
Let h(i) = 651*i + 7. What is the units digit of h(4)?
1
Suppose -42*f - 2*f + 80608 = 0. What is the tens digit of f?
3
Let n(i) = -i. Let t(k) = -13*k - 11. Let v(h) = 4*n(h) - t(h). What is the tens digit of v(3)?
3
Let u(w) = 12*w**2 - 7*w - 32. What is the tens digit of u(-5)?
0
Let p(t) = 6 - t - 8 - 2 - 2 + t**2. Suppose 5*k = d - 4*d + 20, 5*d + 32 = k. What is the tens digit of p(k)?
3
Suppose -t + 278 = -2*a, 2*t - 82*a - 576 = -83*a. What is the tens digit of t?
8
Suppose 36*l = 45*l - 22203. What is the units digit of l?
7
Suppose 4*s = 4, -2*j + s - 3*s = -26. Let p(u) = 9*u + 24. What is the hundreds digit of p(j)?
1
Let h(b) = b**2 - 3*b. Let o be h(4). Suppose 5*y - 6 = -6. Suppose -3*v - 5*w + 111 = y, 2*w - 7*w = o*v - 148. What is the tens digit of v?
3
Suppose 5416 - 856 = 8*w. What is the units digit of w?
0
Let t = 34 + -37. What is the tens digit of t + 2 + -2 + 12*4?
4
Let h(w) = 8*w - 6. Let o(x) = 7*x - 6. Let s(d) = -5*h(d) + 6*o(d). Let i(t) = -t**2 + 8*t - 6. Let n be i(6). What is the units digit of s(n)?
6
Let q = -421 + 1236. What is the tens digit of q?
1
Let s(t) = t**3 - 12*t**2 - 12*t - 16. Let z be s(13). Let o(m) = -m**3 - 4*m**2 - 3*m + 1. Let h be o(z). What is the units digit of h/(-3) + (-46)/(-3)?
5
Suppose -3*i - 5*g + 273 = 0, 0*g = 5*g - 15. Let a = i + 55. Suppose a + 184 = 5*o + 5*f, 4*o = 4*f + 268. What is the units digit of o?
6
Let z(n) = n**2 + 6*n - 4. Let j be z(-7). Suppose 5*f - 588 + 133 = -2*v, -3*f + j*v = -273. What is the tens digit of f?
9
Suppose 6*p = p - 655. Let j = p - -188. What is the tens digit of j?
5
Let m = 211 + -56. Let w = m - 106. What is the tens digit of w?
4
Let b(z) = 19*z**2 + 25*z - 85. What is the units digit of b(12)?
1
Let o = 14942 + -9568. What is the units digit of o?
4
Let o = 119 - 115. Suppose -o*b = -6*b + 114. What is the units digit of b?
7
Let w(u) = u**3 + 4*u**2. Let x be w(-2). Suppose -42 = x*q - 818. What is the tens digit of q?
9
Suppose 3*a + 6 - 3 = 0, 0 = -2*k + 3*a + 67. Suppose x = s - 29, 3*x + k = -3*s + 137. What is the tens digit of s?
3
Let x(v) = -317*v - 10. What is the units digit of x(-4)?
8
Suppose -57*k + 59*k = 4*c - 1122, 3*c - 839 = 2*k. What is the units digit of c?
3
Let i = 321 + -320. Let u(j) = j**3 + 6*j**2 - 6*j - 9. Let t be u(-6). What is the tens digit of t - (3 - 3 - i)?
2
Let m = 2693 - -1863. What is the thousands digit of m?
4
Let k(s) = s**3 + 8*s**2 + 11*s + 2. What is the thousands digit of k(13)?
3
Suppose -2*m = -m - 10. What is the units digit of -158*(1 + (-15)/m)?
9
Let w(k) = 72*k + 111. What is the units digit of w(5)?
1
Let v be ((-13)/26)/(1/58). Let n be (-3 - (-3 - 1))*v. Let z = -14 - n. What is the units digit of z?
5
Let x(v) = -4*v + 7. Let z be x(2). What is the units digit of 56 + (z - ((5 - 1) + -2))?
3
What is the units digit of 30/110*8191 - 2/(-22)?
4
What is the tens digit of (-66)/(-231) + (-13564)/(-7)?
3
Suppose -3*l - 12 = 0, -2*l + 4178 = f + f. What is the thousands digit of f?
2
Suppose -6*n + 8466 = 28*n. What is the units digit of n?
9
Suppose -2*m + 7*m - 210 = 0. Let a = m - 11. Suppose 0 = -2*z + a + 13. What is the units digit of z?
2
Let a = 3450 + -2401. What is the thousands digit of a?
1
Let h(v) = 5*v**3 + 4*v**2 - 5*v + 33. What is the tens digit of h(8)?
0
Let j(y) = -2*y - 10. Let p be j(0). Let c(w) = w**3 + 10*w**2 + 2. Let l be c(p). Let h = 57 - l. What is the tens digit of h?
5
Suppose 2*q - 58 = -56. What is the hundreds digit of (q - 2)/(4 - (-429)/(-107))?
1
Let w(f) = -f**3 